of 21?
False
Is 1196 a multiple of 46?
True
Is 12680 a multiple of 20?
True
Is 1394 a multiple of 34?
True
Is 173 a multiple of 45?
False
Is 276 a multiple of 12?
True
Is 1450 a multiple of 50?
True
Is 16 a factor of 198?
False
Is 1416 a multiple of 12?
True
Is 13 a factor of 8759?
False
Is 1575 a multiple of 35?
True
Does 11 divide 473?
True
Does 32 divide 4765?
False
Does 57 divide 1234?
False
Does 47 divide 277?
False
Is 13 a factor of 26208?
True
Does 18 divide 36613?
False
Is 1888 a multiple of 29?
False
Is 344 a multiple of 8?
True
Is 47 a factor of 658?
True
Is 66 a factor of 1320?
True
Does 35 divide 105?
True
Does 155 divide 70623?
False
Is 7 a factor of 15764?
True
Is 224 a multiple of 14?
True
Does 50 divide 366?
False
Does 10 divide 641?
False
Is 724 a multiple of 14?
False
Is 22 a factor of 2901?
False
Is 2039 a multiple of 10?
False
Is 2167 a multiple of 37?
False
Is 111590 a multiple of 212?
False
Is 1638 a multiple of 14?
True
Is 880 a multiple of 22?
True
Is 42 a factor of 21185?
False
Is 378 even?
True
Is 44 a factor of 13931?
False
Does 46 divide 9706?
True
Does 12 divide 243?
False
Does 28 divide 51632?
True
Is 123 a factor of 24231?
True
Is 735 a multiple of 12?
False
Does 98 divide 905?
False
Is 81 a factor of 81?
True
Does 16 divide 1724?
False
Is 10 a factor of 420?
True
Is 6 a factor of 10723?
False
Is 1110 a multiple of 74?
True
Is 70 a factor of 59473?
False
Is 24 a factor of 1920?
True
Does 42 divide 407?
False
Does 13 divide 10850?
False
Is 73 a factor of 17464?
False
Does 13 divide 1079?
True
Is 142 a factor of 7063?
False
Is 9 a factor of 5117?
False
Is 22 a factor of 33464?
False
Is 29 a factor of 288?
False
Does 2 divide 42?
True
Is 13 a factor of 36697?
False
Is 2450 a multiple of 49?
True
Does 28 divide 16912?
True
Is 202 a factor of 24457?
False
Is 30302 a multiple of 35?
False
Is 63 a factor of 11945?
False
Does 17 divide 1762?
False
Is 2118 a multiple of 32?
False
Is 7 a factor of 1582?
True
Is 114 a multiple of 57?
True
Does 13 divide 4628?
True
Does 89 divide 1335?
True
Is 354 even?
True
Is 648 a multiple of 24?
True
Is 54 a factor of 1728?
True
Is 5 a factor of 5241?
False
Is 20 a factor of 333?
False
Is 1109 a multiple of 34?
False
Is 5724 a multiple of 106?
True
Does 101 divide 49773?
False
Does 44 divide 704?
True
Is 902 a multiple of 11?
True
Does 33 divide 33?
True
Is 4124 a multiple of 9?
False
Does 39 divide 785?
False
Does 168 divide 37537?
False
Is 1259 a multiple of 44?
False
Does 6 divide 1614?
True
Does 59 divide 1313?
False
Does 4 divide 1832?
True
Does 92 divide 3588?
True
Is 13 a factor of 599?
False
Does 81 divide 972?
True
Is 10395 a multiple of 77?
True
Is 10 a factor of 983?
False
Is 6 a factor of 31651?
False
Does 11 divide 8679?
True
Does 14 divide 29725?
False
Does 7 divide 384?
False
Is 16 a factor of 1240?
False
Is 32129 a multiple of 17?
False
Is 431 a multiple of 4?
False
Is 48 a factor of 1104?
True
Does 72 divide 2736?
True
Is 2912 a multiple of 132?
False
Does 31 divide 6045?
True
Does 106 divide 4688?
False
Is 1411 a multiple of 83?
True
Does 41 divide 607?
False
Is 1914 a multiple of 49?
False
Is 22 a factor of 3053?
False
Does 3 divide 2238?
True
Is 53 a factor of 57717?
True
Is 17 a factor of 476?
True
Does 28 divide 1876?
True
Is 2489 a multiple of 19?
True
Is 873 a multiple of 9?
True
Is 32 a factor of 928?
True
Is 8350 a multiple of 13?
False
Is 2111 a multiple of 14?
False
Is 12 a factor of 1584?
True
Is 47319 a multiple of 64?
False
Does 5 divide 862?
False
Does 37 divide 40554?
False
Is 62 a factor of 275?
False
Is 1288 a multiple of 23?
True
Is 111 a factor of 20646?
True
Is 63196 a multiple of 14?
True
Is 343 a multiple of 5?
False
Is 11516 a multiple of 4?
True
Is 1053 a multiple of 3?
True
Does 14 divide 71?
False
Does 4 divide 88?
True
Does 17 divide 536?
False
Does 18 divide 6222?
False
Is 181 a factor of 5068?
True
Does 3 divide 9?
True
Does 27 divide 42737?
False
Does 14 divide 4172?
True
Does 65 divide 8450?
True
Is 52258 a multiple of 223?
False
Is 16 a factor of 7312?
True
Does 40 divide 4741?
False
Is 3228 a multiple of 12?
True
Does 4 divide 1752?
True
Does 3 divide 27?
True
Does 9 divide 252?
True
Is 19 a factor of 90603?
False
Does 23 divide 3676?
False
Is 5 a factor of 135?
True
Is 6 a factor of 892?
False
Does 10 divide 1960?
True
Does 15 divide 1228?
False
Does 39 divide 559?
False
Is 609 a multiple of 87?
True
Is 6 a factor of 14916?
True
Is 8 a factor of 14443?
False
Is 518 a multiple of 7?
True
Is 5 a factor of 2445?
True
Does 28 divide 668?
False
Is 32 a factor of 7168?
True
Is 139 a multiple of 62?
False
Does 13 divide 19526?
True
Does 3 divide 288?
True
Does 23 divide 69003?
False
Is 19 a factor of 57721?
False
Is 25382 a multiple of 343?
True
Is 1043 a multiple of 42?
False
Is 17 a factor of 16425?
False
Does 9 divide 5894?
False
Is 32 a factor of 19776?
True
Is 4022 a multiple of 2?
True
Is 7 a factor of 119?
True
Is 24437 a multiple of 129?
False
Is 462 a multiple of 21?
True
Does 123 divide 14034?
False
Is 409 a multiple of 8?
False
Is 148 a multiple of 6?
False
Is 30 a factor of 25441?
False
Is 35 a factor of 36909?
False
Is 39 a factor of 351?
True
Is 45 a factor of 8078?
False
Is 34 a factor of 539?
False
Does 22 divide 1870?
True
Is 1820 a multiple of 91?
True
Does 61 divide 5248?
False
Is 5132 a multiple of 3?
False
Does 67 divide 30217?
True
Does 22 divide 528?
True
Is 3933 a multiple of 171?
True
Is 1415 a multiple of 23?
False
Is 1199 a multiple of 11?
True
Does 6 divide 1929?
False
Is 62 a factor of 3968?
True
Does 18 divide 33147?
False
Does 28 divide 84?
True
Is 30990 a multiple of 10?
True
Is 56 a factor of 3024?
True
Is 967 a multiple of 13?
False
Does 14 divide 149380?
True
Is 6 a factor of 956?
False
Is 23 a factor of 1591?
False
Is 432 a multiple of 12?
True
Is 91221 a multiple of 39?
True
Is 123 a factor of 2450?
False
Does 11 divide 4521?
True
Is 4225 a multiple of 49?
False
Does 13 divide 481?
True
Does 18 divide 24174?
True
Is 791 a multiple of 40?
False
Is 12 a factor of 13356?
True
Is 10 a factor of 1014?
False
Does 76 divide 12576?
False
Is 191 a factor of 14926?
False
Does 2 divide 13865?
False
Is 27936 a multiple of 16?
True
Is 31161 a multiple of 14?
False
Is 3168 a multiple of 8?
True
Does 57 divide 2686?
False
Is 8256 a multiple of 32?
True
Is 46973 a multiple of 48?
False
Does 22 divide 466?
False
Does 11 divide 534?
False
Is 2403 a multiple of 12?
False
Is 6091 a multiple of 16?
False
Is 153 a factor of 88740?
True
Is 5635 a multiple of 18?
False
Does 9 divide 2333?
False
Is 10 a factor of 2083?
False
Is 169 a factor of 37011?
True
Is 20 a factor of 1900?
True
Is 125 a multiple of 5?
True
Does 4 divide 117?
False
Does 5 divide 48?
False
Is 1272 a multiple of 53?
True
Is 7 a factor of 144?
False
Is 18 a factor of 18792?
True
Is 7 a factor of 42?
True
Does 9 divide 6798?
False
Does 19 divide 2964?
True
Is 31 a factor of 213?
False
Does 73 divide 2116?
False
Is 2394 a multiple of 14?
True
Does 16 divide 5117?
False
Does 18 divide 180?
True
Is 7 a factor of 455?
True
Does 11 divide 1210?
True
Is 55283 a multiple of 4?
False
Is 3653 a multiple of 10?
False
Does 15 divide 1116?
False
Is 8 a factor of 384?
True
Does 17 divide 191?
False
Is 4459 a multiple of 7?
True
Is 74 a factor of 58312?
True
Is 61074 a multiple of 58?
True
Is 67905 a multiple of 115?
False
Is 1011 a multiple of 15?
False
Is 75 a multiple of 15?
True
Does 50 divide 226?
False
Is 53 a multiple of 10?
False
Is 12728 a multiple of 4?
True
Is 85 a factor of 50500?
False
Does 89 divide 7713?
False
Is 964 a multiple of 37?
False
Is 50375 a multiple of 158?
False
Does 38 divide 1287?
False
Does 25 divide 1308?
False
Is 21 a factor of 22533?
True
Does 64 divide 2590?
False
Does 101 divide 28640?
False
Is 1547 a multiple of 28?
False
Is 114 a factor of 59974?
False
Is 197 a factor of 103228?
True
Does 3 divide 2155?
False
Is 23 a factor of 12926?
True
Does 13 divide 195?
True
Is 25 a factor of 2600?
True
Does 67 divide 4020?
True
Does 11 divide 3333?
True
Is 38383 a multiple of 33?
False
Does 87 divide 2682?
False
Is 3444 a multiple of 15?
False
Is 10 a factor of 1810?
True
Is 18 a factor of 3506?
False
Does 12 divide 233?
False
Is 13 a factor of 95